638)/u. What is the greatest common factor of j and 132?
22
Suppose -181*f - 148 + 1348 = -156*f. Suppose -28 = -3*p - 2*z, -5*z = 4*p + 1 - 29. What is the highest common factor of f and p?
12
Suppose -23*z - 50050 = -30*z. What is the highest common factor of 13 and z?
13
Suppose 54 = 32*f - 29*f + 4*m, 4*f = -5*m + 73. Let s be (15 - (-4 + 11)) + f. Calculate the greatest common factor of 170 and s.
10
Let y = 2214 + -2188. Let i(p) = -3*p**2 - 5*p + 8. Let t be i(-6). Let x = -44 - t. Calculate the highest common divisor of x and y.
26
Let n be (50/(-30))/((-15)/9). Calculate the highest common factor of 316 and n.
1
Suppose -5*h = 3*n - 265, -3*n = -3*h - 2*n + 173. Suppose -h*l = -49*l - 84. Calculate the highest common divisor of l and 12.
12
Suppose 2*z + 10 = 2*w, -w = z - 3 + 2. Suppose -1 = -n, -2*a - w = n - 0*n. Let k be 208/(-6)*9/a. Calculate the highest common divisor of 39 and k.
39
Let y(h) = -98*h + 868. Let l be y(8). Calculate the greatest common factor of l and 186.
6
Let o be (-114)/(-30) - (-18)/15. Suppose 15*u - 12*u = g - 14, g + o*u = -10. Calculate the greatest common divisor of 7 and g.
1
Suppose -9397 = -3*w + l, -w + 5*l + 930 = -2165. What is the highest common factor of 4560 and w?
285
Suppose -a = -3*z + 8 + 3, 0 = 3*z. Let t be 14/3*(a - -29). Calculate the greatest common factor of 112 and t.
28
Let r = -175 + 184. Suppose -2*g + r = -g + 2*v, 0 = -g + v + 12. What is the highest common divisor of g and 121?
11
Suppose 291*t - 292*t + 7 = 0. Let q be 110/t + (-96)/(-336). What is the highest common divisor of 256 and q?
16
Suppose -1309*d = -251*d - 47881 + 18257. Suppose g - 42 = v, -43 = -g - 5*v + 11. Calculate the greatest common factor of d and g.
4
Let b = 3195 + -2739. Calculate the greatest common factor of b and 57.
57
Let g(h) = 58*h - 3529. Let a be g(73). What is the highest common factor of 60 and a?
15
Let o be (-3)/(-36) + 1427/12. Calculate the greatest common divisor of o and 255.
17
Let f = -4094 + 4478. What is the greatest common factor of 120 and f?
24
Let t = 84 - 89. Let b(a) = -27*a - 47. Let f be b(t). Calculate the greatest common factor of 154 and f.
22
Let k(b) = -90*b - 745. Let f be k(-9). What is the greatest common divisor of 299 and f?
13
Suppose -3*l - 17 + 2 = -3*o, l + 17 = 5*o. Let r(x) = x**3 + x**2 + 3*x + 1. Let i be r(o). What is the highest common divisor of i and 115?
23
Suppose 0 = 3*g - 6*g + 960. Let d(t) = t**2 + t - 80. Let n be d(-11). What is the greatest common divisor of g and n?
10
Suppose 3057 = 114*d - 3984 + 1113. Calculate the greatest common factor of 76 and d.
4
Let r = -14305 + 14309. Let o(v) = v**3 + 10*v**2 + 5*v - 8. Let b be o(-9). Calculate the highest common divisor of b and r.
4
Suppose -4*p = 7*o - 3*o + 28, -3*o + p - 25 = 0. Let d be ((-30)/25)/(o/(-20)). Let f be d*(-4)/24*2. Calculate the greatest common factor of f and 3.
1
Let j = -417 - -838. Suppose -6*t = -605 - j. What is the greatest common divisor of t and 19?
19
Suppose -39*v = -46*v + 2*p + 20, 4*v - 68 = -4*p. Suppose -168 = -4*i - 16. Let n be (1*i)/(5/15). What is the greatest common divisor of n and v?
6
Suppose -5*b = 2*w + 52, 0*w = -2*w - 4*b - 56. Let f = w + 43. Let n(d) = 3*d**2 + 8*d + 25. Let j be n(-3). What is the greatest common divisor of j and f?
7
Suppose 8*i + 24*i = -26*i + 403100. What is the greatest common factor of 417 and i?
139
Let i(m) = -m + 38. Let a be i(13). Suppose a*d - 152 - 48 = 0. What is the highest common factor of 52 and d?
4
Let k = -290 + 377. Suppose 2178 = -k*n + 98*n. Calculate the greatest common factor of n and 33.
33
Let x = 23555 + -23537. Calculate the greatest common factor of 174 and x.
6
Suppose 0 = -39*x - 21*x + 7140. Calculate the greatest common factor of 28 and x.
7
Let i(v) = -v**3 + 30*v**2 - 54*v - 40. Let a be i(28). Calculate the highest common divisor of 4496 and a.
16
Suppose 5*b - 14146 = 2*c, 0 = -3*c + 15 + 6. What is the greatest common factor of b and 36?
12
Suppose 1692 = -5*n + m, 332 = -n - 0*m - 3*m. Let v = -194 - n. Suppose -3*g - 187 = -4*u, u - g - v = -2*u. Calculate the greatest common factor of 7 and u.
7
Let y(x) = 142*x**2 - 63*x + 116. Let g be y(2). What is the greatest common factor of g and 90?
18
Let d = -220 + 499. What is the highest common factor of d and 217?
31
Suppose -10 = -2*p, q = 5*q + 4*p - 284. Suppose -62*s - 4 = -q*s. What is the greatest common factor of s and 32?
1
Let u(y) be the second derivative of -17*y**4/12 + y**3/3 + 2*y**2 - 25*y. Let g be u(-2). Let t = 83 + g. Calculate the highest common factor of t and 3.
3
Suppose -3*m - 46 = -4*m. Let i = 7 + -218. Let q = -142 - i. Calculate the highest common divisor of q and m.
23
Let a(b) = 29*b + 4577. Let u be a(43). What is the highest common divisor of 112 and u?
112
Let t(z) be the first derivative of z**2 + 16*z + 1. Let k be t(-8). Suppose -4*x + 3*f + 26 = 2, -3*f = k. What is the greatest common factor of x and 24?
6
Let j(n) = -3*n - 46. Let d be j(-14). Let z be 22/2 + d + 0. Let t be (5 - (z - 2)) + 2. Calculate the greatest common factor of t and 2.
2
Suppose -v - 20 = -2*w, 3*v - 20 = 10*w - 12*w. Suppose -8*m + w = -6*m. Calculate the highest common factor of 80 and m.
5
Suppose -4*d - 4*n = -2596, 37*d - 35*d + 3*n = 1302. What is the highest common divisor of 516 and d?
129
Let z be (4 - (8 + -494))*(-17)/(-34). What is the highest common divisor of 1127 and z?
49
Let j be (6 + 6 + 40/(-3))/((-12)/2970). What is the greatest common factor of 570 and j?
30
Let p = -8711 + 9629. What is the greatest common divisor of p and 108?
54
Let v = -4619 + 4771. What is the highest common factor of v and 494?
38
Suppose 69*s - 5624 = 1276. Calculate the highest common divisor of s and 3780.
20
Let z(t) = -t**3 + 39*t**2 + 43*t + 15. Let j be z(40). What is the greatest common factor of j and 330?
15
Suppose 0 = -4*g + 3*l + 258, -78 = l - 72. Calculate the highest common divisor of g and 16980.
60
Let v be 830/35 + 4/14. Let b = 48 + v. Calculate the greatest common factor of 16 and b.
8
Let v = 618 - 408. Let j(a) = a**2 + 8*a + 17. Let w be j(-7). What is the highest common factor of v and w?
10
Suppose -56*s = -29619 + 28443. What is the greatest common factor of s and 1998?
3
Suppose -5*n - 6*n = -6*n. Suppose n = -o + 6*o, b + 2*o = 26. Let d(r) = 4*r**2 - 5*r - 12. Let z be d(-3). What is the highest common factor of z and b?
13
Let q be ((-22)/8)/((-10)/200). Let k(u) = u**3 + 21*u**2 + 97*u + 6. Let h be k(-14). Calculate the highest common divisor of q and h.
5
Let i be (24786/5)/(874/2185). Calculate the highest common factor of 153 and i.
153
Let y be 36/(-6) - (-80)/8. Calculate the highest common factor of 200 and y.
4
Let u(p) = -562*p + 2014. Let f be u(-5). What is the highest common factor of f and 54?
18
Suppose 0 = 8*r + 5*r - 91. Let x be -26*r/(-14) + 4. What is the highest common divisor of x and 119?
17
Suppose -10*m + 28*m - 9702 = 0. Suppose -3*h - 6*h + 441 = 0. What is the greatest common factor of h and m?
49
Let w be (-14 + 35)*(-1 - -28). What is the highest common factor of w and 4725?
189
Let p(r) = -r**2 + 41*r - 16. Let b be p(9). What is the highest common factor of b and 4148?
68
Suppose 104*s - 340 + 115 = 87. Let x be (-89)/(-13) + 16/104. What is the greatest common divisor of x and s?
1
Suppose n + 218*y = 223*y + 2780, -n - y + 2762 = 0. Calculate the highest common factor of 7 and n.
7
Let t = 1162 + -816. Let a be (-5 - (3 - 7)) + t. What is the greatest common factor of a and 138?
69
Suppose -3 = -4*x + c, 4*x = -4*c + 2 + 26. Suppose 4*m - 2*p = 234, -m + 55 = -x*p + 1. Calculate the highest common factor of m and 36.
12
Let z(c) = -c**3 - 4*c**2 + 14*c + 380. Let u be z(0). Calculate the greatest common divisor of 3515 and u.
95
Suppose -3*l - g = -7*l + 77, -4*g + 15 = l. Let n(m) = -m**3 + 5*m**2 + 7*m - 9. Let v be n(5). Let d = v - l. What is the greatest common divisor of 7 and d?
7
Let s = 31120 + -31030. Suppose 5*o + 3*u - 318 = 51, -3*o - 5*u = -231. What is the highest common factor of o and s?
18
Let w = 106 - -26. Let g(r) = -8*r**3 - 41*r**2 - 72*r + 4. Let v be g(-2). What is the highest common factor of w and v?
12
Suppose -3*z = -t, 0 = 4*t + 12*z - 7*z